d millions digit of 351440581?
3
What is the hundred thousands digit of 547791849?
7
What is the thousands digit of 182964114?
4
What is the hundreds digit of 405207049?
0
What is the thousands digit of 4689786109?
6
What is the units digit of 222553284?
4
What is the ten thousands digit of 386738446?
3
What is the tens digit of 227930225?
2
What is the units digit of 422009981?
1
What is the units digit of 287689494?
4
What is the tens digit of 90493757?
5
What is the ten thousands digit of 51444550?
4
What is the millions digit of 2161429492?
1
What is the hundreds digit of 187499381?
3
What is the thousands digit of 112713734?
3
What is the ten millions digit of 1495909589?
9
What is the millions digit of 66057257?
6
What is the thousands digit of 99682878?
2
What is the units digit of 661189840?
0
What is the tens digit of 3890568?
6
What is the tens digit of 1100934765?
6
What is the hundred millions digit of 148012364?
1
What is the units digit of 1722631506?
6
What is the tens digit of 1218794983?
8
What is the hundred thousands digit of 158641486?
6
What is the tens digit of 47545948?
4
What is the units digit of 217795531?
1
What is the millions digit of 68647108?
8
What is the hundred thousands digit of 580893609?
8
What is the hundreds digit of 835367698?
6
What is the ten millions digit of 150973562?
5
What is the ten thousands digit of 591091061?
9
What is the ten millions digit of 83603435?
8
What is the hundreds digit of 15469004?
0
What is the hundred thousands digit of 46260181?
2
What is the millions digit of 457517429?
7
What is the hundreds digit of 52514367?
3
What is the hundred thousands digit of 1430935250?
9
What is the millions digit of 57371898?
7
What is the millions digit of 1673989710?
3
What is the ten thousands digit of 3509557312?
5
What is the ten millions digit of 170181176?
7
What is the millions digit of 83979120?
3
What is the thousands digit of 1076285781?
5
What is the hundred thousands digit of 462110486?
1
What is the ten thousands digit of 12112454?
1
What is the ten thousands digit of 58407905?
0
What is the hundreds digit of 6292218463?
4
What is the thousands digit of 76532650?
2
What is the thousands digit of 298082802?
2
What is the tens digit of 319551597?
9
What is the units digit of 88348830?
0
What is the millions digit of 24667346?
4
What is the billions digit of 2687076167?
2
What is the units digit of 2653166?
6
What is the ten millions digit of 83633646?
8
What is the ten thousands digit of 348749896?
4
What is the millions digit of 585670109?
5
What is the thousands digit of 5755698166?
8
What is the units digit of 1839218894?
4
What is the tens digit of 438289888?
8
What is the billions digit of 4815746950?
4
What is the millions digit of 23088555?
3
What is the hundred thousands digit of 84724403?
7
What is the ten millions digit of 124428798?
2
What is the hundred millions digit of 639799758?
6
What is the hundred millions digit of 262391209?
2
What is the hundred millions digit of 217368506?
2
What is the ten millions digit of 1193362071?
9
What is the thousands digit of 2414201444?
1
What is the ten thousands digit of 16843980?
4
What is the hundreds digit of 1793940087?
0
What is the millions digit of 137227977?
7
What is the ten thousands digit of 706036848?
3
What is the thousands digit of 120139135?
9
What is the ten millions digit of 1769097705?
6
What is the thousands digit of 2032010607?
0
What is the ten thousands digit of 23550555?
5
What is the tens digit of 50879004?
0
What is the hundreds digit of 111386267?
2
What is the ten thousands digit of 6460727?
6
What is the hundred thousands digit of 60698886?
6
What is the units digit of 169999708?
8
What is the ten millions digit of 160999544?
6
What is the millions digit of 853898406?
3
What is the ten millions digit of 881397016?
8
What is the hundred millions digit of 154138177?
1
What is the units digit of 33531645?
5
What is the ten millions digit of 71286815?
7
What is the hundreds digit of 1347722652?
6
What is the tens digit of 28182422?
2
What is the tens digit of 91373343?
4
What is the hundred thousands digit of 1561118416?
1
What is the ten thousands digit of 35915818?
1
What is the hundred thousands digit of 54090490?
0
What is the thousands digit of 10734942?
4
What is the tens digit of 17594727?
2
What is the millions digit of 1270355787?
0
What is the thousands digit of 1322561379?
1
What is the hundreds digit of 410855564?
5
What is the ten millions digit of 33429711?
3
What is the tens digit of 844560426?
2
What is the units digit of 74356218?
8
What is the ten thousands digit of 4884276986?
7
What is the hundred thousands digit of 125880895?
8
What is the hundred millions digit of 1241422906?
2
What is the units digit of 26624966?
6
What is the thousands digit of 552475506?
5
What is the ten thousands digit of 4759754957?
5
What is the millions digit of 740977157?
0
What is the millions digit of 1468682908?
8
What is the hundred thousands digit of 302434101?
4
What is the thousands digit of 3340873603?
3
What is the hundreds digit of 190819219?
2
What is the ten millions digit of 334542106?
3
What is the millions digit of 1049283325?
9
What is the millions digit of 55152375?
5
What is the tens digit of 76740971?
7
What is the ten thousands digit of 2175289894?
8
What is the ten millions digit of 95337667?
9
What is the ten thousands digit of 5553400?
5
What is the ten thousands digit of 3228762?
2
What is the tens digit of 151524909?
0
What is the thousands digit of 12911826?
1
What is the ten thousands digit of 1016137?
1
What is the thousands digit of 285896574?
6
What is the millions digit of 16923050?
6
What is the hundred millions digit of 262453534?
2
What is the millions digit of 1912340364?
2
What is the millions digit of 290304696?
0
What is the millions digit of 51277273?
1
What is the millions digit of 743564127?
3
What is the ten millions digit of 71567092?
7
What is the hundred thousands digit of 110397783?
3
What is the units digit of 49266872?
2
What is the hundred thousands digit of 1858128999?
1
What is the millions digit of 4380176547?
0
What is the ten thousands digit of 467213785?
1
What is the ten millions digit of 24225616?
2
What is the hundreds digit of 328398710?
7
What is the units digit of 32181527?
7
What is the hundreds digit of 1565487985?
9
What is the ten thousands digit of 426817547?
1
What is the hundred millions digit of 1554443341?
5
What is the units digit of 118790?
0
What is the hundreds digit of 1400685414?
4
What is the billions digit of 3912452816?
3
What is the hundreds digit of 8066034?
0
What is the hundred thousands digit of 152670831?
6
What is the tens digit of 1180171022?
2
What is the units digit of 1098975612?
2
What is the hundred thousands digit of 304851483?
8
What is the hundred thousands digit of 2789381136?
3
What is the hundred thousands digit of 376524354?
5
What is the hundreds digit of 2238114117?
1
What is the billions digit of 7267149534?
7
What is the tens digit of 4812983191?
9
What is the millions digit of 129467638?
9
What is the millions digit of 207657624?
7
What is the hundred thousands digit of 355006524?
0
What is the ten millions digit of 2452407461?
5
What is the ten millions digit of 267611869?
6
What is the billions digit of 2921313216?
2
What is the hundreds digit of 17700227?
2
What is the units digit of 13799108?
8
What is the hundreds digit of 1827093543?
5
What is the units digit of 797712423?
3
What is the ten millions digit of 1886809944?
8
What is the ten millions digit of 584759434?
8
What is the hundreds digit of 24081819?
8
What is the tens digit of 138224991?
9
What is the millions digit of 2969817954?
9
What is the thousands digit of 125732459?
2
What is the ten thousands digit of 75544852?
4
What is the hundreds digit of 97433346?
3
What is the thousands digit of 845759206?
9
What is the millions digit of 36025589?
6
What is the ten millions digit of 1958804656?
5
What is the ten millions digit of 81190447?
8
What is the ten thousands digit of 1174918646?
1
What is the ten thousands digit of 5119127782?
2
What is the hundreds digit of 74441064?
0
What is the hundred thousands digit of 28528077?
5
What is the milli